{"id":6494,"date":"2025-01-07T16:03:17","date_gmt":"2025-01-07T16:03:17","guid":{"rendered":"https:\/\/graphoui.org\/?post_type=tribe_events&#038;p=6494"},"modified":"2025-05-27T15:49:39","modified_gmt":"2025-05-27T15:49:39","slug":"5-films-sur-avila","status":"publish","type":"tribe_events","link":"https:\/\/graphoui.org\/en\/agenda\/5-films-sur-avila\/","title":{"rendered":"5 films sur Avila"},"content":{"rendered":"<p class=\"qtranxs-available-languages-message qtranxs-available-languages-message-en\">Sorry, this entry is only available in <a href=\"https:\/\/graphoui.org\/fr\/wp-json\/wp\/v2\/tribe_events\/6494\" class=\"qtranxs-available-language-link qtranxs-available-language-link-fr\" title=\"Fr\">Fr<\/a>.<\/p><p>5 films de l\u2019Atelier Graphoui disponibles sur <a href=\"https:\/\/avilafilm.be\/fr\/programme\/programme-de-courts-metrages-atelier-graphoui\" target=\"_blank\" rel=\"noopener\">Avila<\/a> : <a href=\"https:\/\/graphoui.org\/lusine-de-bazouqa\/\" target=\"_blank\" rel=\"noopener\">L&#8217;usine de Bazouqa<\/a> &#8211; 1986 \/ <a href=\"https:\/\/graphoui.org\/momimages-le-monde-des-spoks\/\" target=\"_blank\" rel=\"noopener\">M\u00f4mimages, le monde des Spoks<\/a> &#8211; 1988 \/ <a href=\"https:\/\/graphoui.org\/pas-de-panique-les-cromagnons-sont-la\/\" target=\"_blank\" rel=\"noopener\">Pas de panique, les cromagnons sont l\u00e0<\/a> &#8211; 1986 \/ <a href=\"https:\/\/graphoui.org\/rocky-two\/\" target=\"_blank\" rel=\"noopener\">Rocky Two<\/a> &#8211; 1985 \/ <a href=\"https:\/\/graphoui.org\/rue-de-la-perle\/\" target=\"_blank\" rel=\"noopener\">Rue de la perle<\/a> &#8211; 1991, accompagn\u00e9s par un <a href=\"https:\/\/avilafilm.be\/fr\/film\/momimages-le-monde-des-spoks#perspective-647\" target=\"_blank\" rel=\"noopener\">regard<\/a> sur le court dans l\u2019\u00e9poque et dans le cin\u00e9ma belge sign\u00e9 par Xavier Garcia Bardon<\/p>","protected":false},"excerpt":{"rendered":"Sorry, this entry is only available in Fr.5 films de l\u2019Atelier Graphoui disponibles sur Avila : L&#8217;usine de Bazouqa &#8211; 1986 \/ M\u00f4mimages, le monde des Spoks &#8211; 1988 \/&#8230; <a class=\"view-article\" href=\"https:\/\/graphoui.org\/en\/agenda\/5-films-sur-avila\/\">View Article<\/a>","protected":false},"author":2,"featured_media":0,"template":"","meta":{"_acf_changed":false,"h5ap_radio_sources":[],"_tribe_events_status":"","_tribe_events_status_reason":"","footnotes":""},"tags":[],"position":[],"tribe_events_cat":[330],"class_list":["post-6494","tribe_events","type-tribe_events","status-publish","hentry","tribe_events_cat-en-ligne","cat_en-ligne"],"acf":[],"yoast_head":"<!-- This site is optimized with the Yoast SEO plugin v27.5 - https:\/\/yoast.com\/product\/yoast-seo-wordpress\/ -->\n<title>5 films sur Avila - Atelier Graphoui<\/title>\n<meta name=\"robots\" content=\"index, follow, max-snippet:-1, max-image-preview:large, max-video-preview:-1\" \/>\n<link rel=\"canonical\" href=\"https:\/\/graphoui.org\/en\/agenda\/5-films-sur-avila\/\" \/>\n<meta property=\"og:locale\" content=\"en_US\" \/>\n<meta property=\"og:type\" content=\"article\" \/>\n<meta property=\"og:title\" content=\"5 films sur Avila - Atelier Graphoui\" \/>\n<meta property=\"og:description\" content=\"Sorry, this entry is only available in Fr.5 films de l\u2019Atelier Graphoui disponibles sur Avila : L&#8217;usine de Bazouqa &#8211; 1986 \/ M\u00f4mimages, le monde des Spoks &#8211; 1988 \/... View Article\" \/>\n<meta property=\"og:url\" content=\"https:\/\/graphoui.org\/en\/agenda\/5-films-sur-avila\/\" \/>\n<meta property=\"og:site_name\" content=\"Atelier Graphoui\" \/>\n<meta property=\"article:modified_time\" content=\"2025-05-27T15:49:39+00:00\" \/>\n<meta name=\"twitter:card\" content=\"summary_large_image\" \/>\n<meta name=\"twitter:label1\" content=\"Est. reading time\" \/>\n\t<meta name=\"twitter:data1\" content=\"1 minute\" \/>\n<script type=\"application\/ld+json\" class=\"yoast-schema-graph\">{\"@context\":\"https:\\\/\\\/schema.org\",\"@graph\":[{\"@type\":\"WebPage\",\"@id\":\"https:\\\/\\\/graphoui.org\\\/en\\\/agenda\\\/5-films-sur-avila\\\/\",\"url\":\"https:\\\/\\\/graphoui.org\\\/en\\\/agenda\\\/5-films-sur-avila\\\/\",\"name\":\"5 films sur Avila - Atelier Graphoui\",\"isPartOf\":{\"@id\":\"https:\\\/\\\/graphoui.org\\\/en\\\/#website\"},\"datePublished\":\"2025-01-07T16:03:17+00:00\",\"dateModified\":\"2025-05-27T15:49:39+00:00\",\"breadcrumb\":{\"@id\":\"https:\\\/\\\/graphoui.org\\\/en\\\/agenda\\\/5-films-sur-avila\\\/#breadcrumb\"},\"inLanguage\":\"en-US\",\"potentialAction\":[{\"@type\":\"ReadAction\",\"target\":[[\"https:\\\/\\\/graphoui.org\\\/en\\\/agenda\\\/5-films-sur-avila\\\/\"]]}]},{\"@type\":\"BreadcrumbList\",\"@id\":\"https:\\\/\\\/graphoui.org\\\/en\\\/agenda\\\/5-films-sur-avila\\\/#breadcrumb\",\"itemListElement\":[{\"@type\":\"ListItem\",\"position\":1,\"name\":\"Home\",\"item\":\"https:\\\/\\\/graphoui.org\\\/en\\\/\"},{\"@type\":\"ListItem\",\"position\":2,\"name\":\"\u00c9v\u00e8nements\",\"item\":\"https:\\\/\\\/graphoui.org\\\/en\\\/events\\\/\"},{\"@type\":\"ListItem\",\"position\":3,\"name\":\"5 films sur Avila\"}]},{\"@type\":\"WebSite\",\"@id\":\"https:\\\/\\\/graphoui.org\\\/en\\\/#website\",\"url\":\"https:\\\/\\\/graphoui.org\\\/en\\\/\",\"name\":\"Atelier Graphoui\",\"description\":\"Atelier de production &amp; CEC\",\"publisher\":{\"@id\":\"https:\\\/\\\/graphoui.org\\\/en\\\/#organization\"},\"potentialAction\":[{\"@type\":\"SearchAction\",\"target\":{\"@type\":\"EntryPoint\",\"urlTemplate\":\"https:\\\/\\\/graphoui.org\\\/en\\\/?s={search_term_string}\"},\"query-input\":{\"@type\":\"PropertyValueSpecification\",\"valueRequired\":true,\"valueName\":\"search_term_string\"}}],\"inLanguage\":\"en-US\"},{\"@type\":\"Organization\",\"@id\":\"https:\\\/\\\/graphoui.org\\\/en\\\/#organization\",\"name\":\"Atelier Graphoui\",\"url\":\"https:\\\/\\\/graphoui.org\\\/en\\\/\",\"logo\":{\"@type\":\"ImageObject\",\"inLanguage\":\"en-US\",\"@id\":\"https:\\\/\\\/graphoui.org\\\/en\\\/#\\\/schema\\\/logo\\\/image\\\/\",\"url\":\"https:\\\/\\\/graphoui.org\\\/wp-content\\\/uploads\\\/2019\\\/08\\\/cropped-logo-graphoui.png\",\"contentUrl\":\"https:\\\/\\\/graphoui.org\\\/wp-content\\\/uploads\\\/2019\\\/08\\\/cropped-logo-graphoui.png\",\"width\":348,\"height\":239,\"caption\":\"Atelier Graphoui\"},\"image\":{\"@id\":\"https:\\\/\\\/graphoui.org\\\/en\\\/#\\\/schema\\\/logo\\\/image\\\/\"}}]}<\/script>\n<!-- \/ Yoast SEO plugin. -->","yoast_head_json":{"title":"5 films sur Avila - Atelier Graphoui","robots":{"index":"index","follow":"follow","max-snippet":"max-snippet:-1","max-image-preview":"max-image-preview:large","max-video-preview":"max-video-preview:-1"},"canonical":"https:\/\/graphoui.org\/en\/agenda\/5-films-sur-avila\/","og_locale":"en_US","og_type":"article","og_title":"5 films sur Avila - Atelier Graphoui","og_description":"Sorry, this entry is only available in Fr.5 films de l\u2019Atelier Graphoui disponibles sur Avila : L&#8217;usine de Bazouqa &#8211; 1986 \/ M\u00f4mimages, le monde des Spoks &#8211; 1988 \/... View Article","og_url":"https:\/\/graphoui.org\/en\/agenda\/5-films-sur-avila\/","og_site_name":"Atelier Graphoui","article_modified_time":"2025-05-27T15:49:39+00:00","twitter_card":"summary_large_image","twitter_misc":{"Est. reading time":"1 minute"},"schema":{"@context":"https:\/\/schema.org","@graph":[{"@type":"WebPage","@id":"https:\/\/graphoui.org\/en\/agenda\/5-films-sur-avila\/","url":"https:\/\/graphoui.org\/en\/agenda\/5-films-sur-avila\/","name":"5 films sur Avila - Atelier Graphoui","isPartOf":{"@id":"https:\/\/graphoui.org\/en\/#website"},"datePublished":"2025-01-07T16:03:17+00:00","dateModified":"2025-05-27T15:49:39+00:00","breadcrumb":{"@id":"https:\/\/graphoui.org\/en\/agenda\/5-films-sur-avila\/#breadcrumb"},"inLanguage":"en-US","potentialAction":[{"@type":"ReadAction","target":[["https:\/\/graphoui.org\/en\/agenda\/5-films-sur-avila\/"]]}]},{"@type":"BreadcrumbList","@id":"https:\/\/graphoui.org\/en\/agenda\/5-films-sur-avila\/#breadcrumb","itemListElement":[{"@type":"ListItem","position":1,"name":"Home","item":"https:\/\/graphoui.org\/en\/"},{"@type":"ListItem","position":2,"name":"\u00c9v\u00e8nements","item":"https:\/\/graphoui.org\/en\/events\/"},{"@type":"ListItem","position":3,"name":"5 films sur Avila"}]},{"@type":"WebSite","@id":"https:\/\/graphoui.org\/en\/#website","url":"https:\/\/graphoui.org\/en\/","name":"Atelier Graphoui","description":"Atelier de production &amp; CEC","publisher":{"@id":"https:\/\/graphoui.org\/en\/#organization"},"potentialAction":[{"@type":"SearchAction","target":{"@type":"EntryPoint","urlTemplate":"https:\/\/graphoui.org\/en\/?s={search_term_string}"},"query-input":{"@type":"PropertyValueSpecification","valueRequired":true,"valueName":"search_term_string"}}],"inLanguage":"en-US"},{"@type":"Organization","@id":"https:\/\/graphoui.org\/en\/#organization","name":"Atelier Graphoui","url":"https:\/\/graphoui.org\/en\/","logo":{"@type":"ImageObject","inLanguage":"en-US","@id":"https:\/\/graphoui.org\/en\/#\/schema\/logo\/image\/","url":"https:\/\/graphoui.org\/wp-content\/uploads\/2019\/08\/cropped-logo-graphoui.png","contentUrl":"https:\/\/graphoui.org\/wp-content\/uploads\/2019\/08\/cropped-logo-graphoui.png","width":348,"height":239,"caption":"Atelier Graphoui"},"image":{"@id":"https:\/\/graphoui.org\/en\/#\/schema\/logo\/image\/"}}]}},"_links":{"self":[{"href":"https:\/\/graphoui.org\/en\/wp-json\/wp\/v2\/tribe_events\/6494","targetHints":{"allow":["GET"]}}],"collection":[{"href":"https:\/\/graphoui.org\/en\/wp-json\/wp\/v2\/tribe_events"}],"about":[{"href":"https:\/\/graphoui.org\/en\/wp-json\/wp\/v2\/types\/tribe_events"}],"author":[{"embeddable":true,"href":"https:\/\/graphoui.org\/en\/wp-json\/wp\/v2\/users\/2"}],"version-history":[{"count":4,"href":"https:\/\/graphoui.org\/en\/wp-json\/wp\/v2\/tribe_events\/6494\/revisions"}],"predecessor-version":[{"id":6884,"href":"https:\/\/graphoui.org\/en\/wp-json\/wp\/v2\/tribe_events\/6494\/revisions\/6884"}],"wp:attachment":[{"href":"https:\/\/graphoui.org\/en\/wp-json\/wp\/v2\/media?parent=6494"}],"wp:term":[{"taxonomy":"post_tag","embeddable":true,"href":"https:\/\/graphoui.org\/en\/wp-json\/wp\/v2\/tags?post=6494"},{"taxonomy":"position","embeddable":true,"href":"https:\/\/graphoui.org\/en\/wp-json\/wp\/v2\/position?post=6494"},{"taxonomy":"tribe_events_cat","embeddable":true,"href":"https:\/\/graphoui.org\/en\/wp-json\/wp\/v2\/tribe_events_cat?post=6494"}],"curies":[{"name":"wp","href":"https:\/\/api.w.org\/{rel}","templated":true}]}}

<p class="qtranxs-available-languages-message qtranxs-available-languages-message-en">Sorry, this entry is only available in <a href="https://graphoui.org/fr/wp-json/wp/v2/tribe_events/6494" class="qtranxs-available-language-link qtranxs-available-language-link-fr" title="Fr">Fr</a>.</p><p>5 films de l’Atelier Graphoui disponibles sur <a href="https://avilafilm.be/fr/programme/programme-de-courts-metrages-atelier-graphoui" target="_blank" rel="noopener">Avila</a> : <a href="https://graphoui.org/lusine-de-bazouqa/" target="_blank" rel="noopener">L&#8217;usine de Bazouqa</a> &#8211; 1986 / <a href="https://graphoui.org/momimages-le-monde-des-spoks/" target="_blank" rel="noopener">Mômimages, le monde des Spoks</a> &#8211; 1988 / <a href="https://graphoui.org/pas-de-panique-les-cromagnons-sont-la/" target="_blank" rel="noopener">Pas de panique, les cromagnons sont là</a> &#8211; 1986 / <a href="https://graphoui.org/rocky-two/" target="_blank" rel="noopener">Rocky Two</a> &#8211; 1985 / <a href="https://graphoui.org/rue-de-la-perle/" target="_blank" rel="noopener">Rue de la perle</a> &#8211; 1991, accompagnés par un <a href="https://avilafilm.be/fr/film/momimages-le-monde-des-spoks#perspective-647" target="_blank" rel="noopener">regard</a> sur le court dans l’époque et dans le cinéma belge signé par Xavier Garcia Bardon</p>

Sorry, this entry is only available in Fr.5 films de l’Atelier Graphoui disponibles sur Avila : L&#8217;usine de Bazouqa &#8211; 1986 / Mômimages, le monde des Spoks &#8211; 1988 /&#8230; <a class="view-article" href="https://graphoui.org/en/agenda/5-films-sur-avila/">View Article</a>

<!-- This site is optimized with the Yoast SEO plugin v27.5 - https://yoast.com/product/yoast-seo-wordpress/ -->
<title>5 films sur Avila - Atelier Graphoui</title>
<meta name="robots" content="index, follow, max-snippet:-1, max-image-preview:large, max-video-preview:-1" />
<link rel="canonical" href="https://graphoui.org/en/agenda/5-films-sur-avila/" />
<meta property="og:locale" content="en_US" />
<meta property="og:type" content="article" />
<meta property="og:title" content="5 films sur Avila - Atelier Graphoui" />
<meta property="og:description" content="Sorry, this entry is only available in Fr.5 films de l’Atelier Graphoui disponibles sur Avila : L&#8217;usine de Bazouqa &#8211; 1986 / Mômimages, le monde des Spoks &#8211; 1988 /... View Article" />
<meta property="og:url" content="https://graphoui.org/en/agenda/5-films-sur-avila/" />
<meta property="og:site_name" content="Atelier Graphoui" />
<meta property="article:modified_time" content="2025-05-27T15:49:39+00:00" />
<meta name="twitter:card" content="summary_large_image" />
<meta name="twitter:label1" content="Est. reading time" />
	<meta name="twitter:data1" content="1 minute" />
<script type="application/ld+json" class="yoast-schema-graph">{"@context":"https:\/\/schema.org","@graph":[{"@type":"WebPage","@id":"https:\/\/graphoui.org\/en\/agenda\/5-films-sur-avila\/","url":"https:\/\/graphoui.org\/en\/agenda\/5-films-sur-avila\/","name":"5 films sur Avila - Atelier Graphoui","isPartOf":{"@id":"https:\/\/graphoui.org\/en\/#website"},"datePublished":"2025-01-07T16:03:17+00:00","dateModified":"2025-05-27T15:49:39+00:00","breadcrumb":{"@id":"https:\/\/graphoui.org\/en\/agenda\/5-films-sur-avila\/#breadcrumb"},"inLanguage":"en-US","potentialAction":[{"@type":"ReadAction","target":[["https:\/\/graphoui.org\/en\/agenda\/5-films-sur-avila\/"]]}]},{"@type":"BreadcrumbList","@id":"https:\/\/graphoui.org\/en\/agenda\/5-films-sur-avila\/#breadcrumb","itemListElement":[{"@type":"ListItem","position":1,"name":"Home","item":"https:\/\/graphoui.org\/en\/"},{"@type":"ListItem","position":2,"name":"Évènements","item":"https:\/\/graphoui.org\/en\/events\/"},{"@type":"ListItem","position":3,"name":"5 films sur Avila"}]},{"@type":"WebSite","@id":"https:\/\/graphoui.org\/en\/#website","url":"https:\/\/graphoui.org\/en\/","name":"Atelier Graphoui","description":"Atelier de production &amp; CEC","publisher":{"@id":"https:\/\/graphoui.org\/en\/#organization"},"potentialAction":[{"@type":"SearchAction","target":{"@type":"EntryPoint","urlTemplate":"https:\/\/graphoui.org\/en\/?s={search_term_string}"},"query-input":{"@type":"PropertyValueSpecification","valueRequired":true,"valueName":"search_term_string"}}],"inLanguage":"en-US"},{"@type":"Organization","@id":"https:\/\/graphoui.org\/en\/#organization","name":"Atelier Graphoui","url":"https:\/\/graphoui.org\/en\/","logo":{"@type":"ImageObject","inLanguage":"en-US","@id":"https:\/\/graphoui.org\/en\/#\/schema\/logo\/image\/","url":"https:\/\/graphoui.org\/wp-content\/uploads\/2019\/08\/cropped-logo-graphoui.png","contentUrl":"https:\/\/graphoui.org\/wp-content\/uploads\/2019\/08\/cropped-logo-graphoui.png","width":348,"height":239,"caption":"Atelier Graphoui"},"image":{"@id":"https:\/\/graphoui.org\/en\/#\/schema\/logo\/image\/"}}]}</script>
<!-- / Yoast SEO plugin. -->

Sorry, this entry is only available in Fr.5 films de l’Atelier Graphoui disponibles sur Avila : L&#8217;usine de Bazouqa &#8211; 1986 / Mômimages, le monde des Spoks &#8211; 1988 /... View Article

Évènements
